ose -1 + 1 = 3*a. Suppose k - 10*k + 4725 = a. Suppose k = 8*d - d. Is 15 a factor of d?
True
Suppose 7280 = 4*q - 19*t + 9*t, 2*q - 3636 = 4*t. Is q a multiple of 22?
False
Let h(x) = 21*x**2 - 19*x + 44. Is h(8) a multiple of 3?
True
Suppose 21*d - 6960 = 9*d. Let t = 828 - d. Is 31 a factor of t?
True
Does 57 divide 2*((-400632)/(-112) - (93/(-21) + 5))?
False
Let k = 1886 - 122. Is 63 a factor of k?
True
Let c(x) = 5*x - 83. Suppose -283*s - 32 = -284*s. Is c(s) a multiple of 4?
False
Is 10 a factor of 261/145 - (-1)/5 - -349?
False
Let m(p) = 53*p**3 + 3*p**2 + 11*p - 29. Is m(5) a multiple of 19?
True
Let q(v) = -52*v + 40. Let u be q(-2). Is 19 a factor of (-206)/(-7) + u/(-336)?
False
Let r(k) = k**2 + 9*k - 15. Let y be r(-11). Is 577 - y/(-63)*-9 a multiple of 36?
True
Suppose 438*u - 4 = 436*u, 2*d - u = 534. Is 4 a factor of d?
True
Let y(o) = -3*o**3 - 6*o**2. Let n(l) = -7*l**3 - 12*l**2 - l - 1. Let k(p) = 2*n(p) - 5*y(p). Let z be k(-5). Let s = 59 - z. Is s a multiple of 13?
True
Is (-6)/10 - ((-79656720)/50)/44 a multiple of 9?
True
Suppose -755*o = 3*b - 754*o - 11357, 0 = -b - o + 3787. Does 5 divide b?
True
Let z = -638 - -641. Suppose 3*y = -3*n + 453, z*n - 3*y - 229 = 248. Is 11 a factor of n?
False
Let o(d) = -85*d**3 + 3*d**2 - 15*d + 8. Let l(b) = 127*b**3 - 4*b**2 + 23*b - 12. Let x(n) = -5*l(n) - 8*o(n). Is x(2) a multiple of 15?
False
Let w(n) = 16*n + 3. Let m(i) = -i. Let k(j) = -5*m(j) - w(j). Let p(o) = -566*o + 2262. Let t be p(4). Does 19 divide k(t)?
True
Let f(z) = -3*z**3 + 3*z**2 + 3*z - 1. Let h be f(-2). Let t(j) = j**3 - 28*j**2 - 20*j + 5. Is 8 a factor of t(h)?
False
Is 263660/130 - (-16)/(-104) a multiple of 6?
True
Suppose 0 = m + 3*g - 11, g - 16 = -2*m - 3*g. Suppose m*j - 20 = -16. Suppose 0 = -q + 2*q + 4*y - 23, 3*y = j*q - 13. Does 11 divide q?
True
Let f = 19713 + -16111. Does 33 divide f?
False
Let g(d) = -9*d + 10. Let i(n) = -n**2 + 1. Let v(z) = g(z) - 6*i(z). Does 8 divide v(-5)?
False
Suppose 91*u - 8 = 87*u. Does 19 divide (-16)/(-3)*u*(-456)/(-32)?
True
Suppose 153 = -9*g - 162. Does 60 divide (-2165)/3*63/g?
False
Let i = 563 + -560. Is 87 a factor of ((-2 - -30) + 1)/(i/171)?
True
Let c = -9152 - -31289. Does 157 divide c?
True
Suppose -79*l = -85*l + 36. Let u(o) = 76*o - 22. Does 12 divide u(l)?
False
Suppose -54*l = -103843 - 43955. Is 8 a factor of l?
False
Let w = -90 + 100. Suppose 9*o - w = 8. Suppose o*k - 116 = 48. Is k a multiple of 11?
False
Let h(q) = q**2 - 43. Suppose 0*y - 84 = -6*y. Does 3 divide h(y)?
True
Does 150 divide 0/(-161) - 20400/(-1)?
True
Let p be (-2 - (-15)/5)*4. Suppose 0 = -n - p - 0. Is 41 a factor of (-880)/(-11) + (-2 - n)?
True
Let m be (-9)/(-2 + (-7)/(-2)). Let n be (-3)/(m/4) + (-1 - -3). Suppose -3*s - 4*z = -6*z - 53, n*z = -3*s + 65. Does 13 divide s?
False
Suppose 0 = -6*l + 482 + 148. Suppose 5*s - 907 = -3*w, -w + l = s - 198. Suppose -5*n + w = 3*h, -n - 194 = -3*h + h. Is h a multiple of 24?
False
Let d be ((-3883)/22)/(3/(-6)). Suppose 0 = -133*v + 134*v - d. Is v a multiple of 8?
False
Suppose 3357 = 9*x - 443 - 3040. Is x a multiple of 5?
True
Is (1298/(-12))/(-7*(-12)/840)*-3 a multiple of 11?
True
Let w = 17622 + -2770. Does 127 divide w?
False
Is ((-268)/10)/((-157)/80070) a multiple of 69?
False
Let v(t) = -243*t + 122*t + 143*t - 34. Is 19 a factor of v(5)?
True
Let m(t) = t**3 + 9*t**2 - 10*t + 5. Let i be m(-10). Suppose 4*s + i*l = 4214, -8*s + 3*s + 5288 = -4*l. Is s a multiple of 88?
True
Let b be (-1302)/126 + 4/3. Is (-382)/(-8)*(b - -8)*-4 a multiple of 10?
False
Suppose 0 = 5*s - 7*s - 4, 0 = 5*d - 5*s - 20. Suppose 0*h = -3*h - d*j + 312, -104 = -h + 5*j. Is 47 a factor of h?
False
Let z(r) = -151*r + 2233. Does 54 divide z(13)?
True
Let u(y) = 4 + 4 + 4 + y - 2. Let d be u(-5). Suppose 433 + 132 = d*b. Does 15 divide b?
False
Is 187 + 12/(-10 + 12) a multiple of 4?
False
Let w = -193 + 102. Let c = w + 258. Does 18 divide c?
False
Let t = 304 + -299. Let h(v) = 92*v - 81. Is h(t) a multiple of 35?
False
Let c(r) = 17*r - 2*r**2 - 12*r + r**3 - 9*r + 9. Let w be 74/18 - (-3)/(-27). Is 5 a factor of c(w)?
True
Suppose -8*f + 16745 = 4353. Suppose -3*r = -f + 523. Is 19 a factor of r?
True
Is 3336 - 36/96*16 a multiple of 45?
True
Suppose 3606 + 3282 = 20*w - 9892. Is w a multiple of 79?
False
Suppose 13824 = -2*i + 4*i - 4*h, -7*i + 3*h = -48296. Is 16 a factor of i?
True
Let f be 180/36 + 7*1. Suppose 2*s - 6 = 0, 3*u - s - 3*s = f. Is 2 a factor of u?
True
Let p be (-2)/(-4 + 2)*(1 - 2). Is (38 - 0 - -1)/(p/(-3)) a multiple of 9?
True
Let a(r) = 2*r + 12024. Is 27 a factor of a(0)?
False
Let a(x) = 3*x**2 - 22*x - 428. Does 11 divide a(35)?
False
Let r = 1640 + -85. Suppose -4*a - 362 + 2439 = 5*f, -f + r = 3*a. Is a a multiple of 15?
False
Suppose 13*l - 5853 = 131427. Is 132 a factor of l?
True
Let b = 4 + -2. Let m be ((-6)/54*0)/(-2). Suppose f + m*l - 3 = -2*l, 3*f + b*l = 21. Does 3 divide f?
True
Suppose -2*a - 3*h + h = -774, 387 = a - 2*h. Let y = a + -157. Suppose n + y = 6*n. Is n a multiple of 16?
False
Let g = -145 - -79. Let o = g + 75. Suppose 360 = -o*u + 15*u. Does 10 divide u?
True
Suppose -8*o + 36 - 20 = 0. Suppose -32 = -5*s - o*h, 0*h - 9 = -2*s + 3*h. Let x(f) = 10*f + 14. Is x(s) a multiple of 14?
False
Let q be 3*10*5/10. Suppose -q*z = -9*z - 288. Is 4 a factor of z?
True
Let u(k) be the first derivative of 35*k**2 - 18*k - 1. Is u(3) a multiple of 43?
False
Let u(x) = x - 6. Let h be u(6). Let v be (-1)/(-4)*(46864/87)/(4/6). Suppose -5*o + 1048 = -h*r - 4*r, -o = 3*r - v. Does 48 divide o?
False
Let i(u) = -16 + 0*u**2 + 0 + 7*u**2 - 9*u - 13*u**3 + 5*u**2 + 14*u**3. Is i(-9) a multiple of 11?
True
Suppose 0 = 43*i - 42437 - 83123. Is i a multiple of 12?
False
Suppose 48*x + 13307 = 406427. Is x a multiple of 234?
True
Suppose 23 = 3*q + i, 17*i - 13*i + 10 = 5*q. Suppose -216 = -q*m + 504. Is 4 a factor of m?
True
Suppose 3*n + 2*f + 0*f = 34, 45 = 4*n + 3*f. Suppose -14*c = -11*c - n, -3*c = 2*o - 184. Is o a multiple of 6?
False
Is 89 a factor of -2 + (-169130)/(-13) - 14?
True
Let v(b) = 26*b**2 + 114*b - 6. Suppose 0 = -3*l + 6*l - 5*h + 26, -4*l + 2*h - 30 = 0. Is v(l) a multiple of 10?
True
Does 28 divide 9/72 + 134388/96?
True
Suppose 0 = r - f - 2, r - 2*f + 7*f - 26 = 0. Let l be (102/10)/(-3) + (-242)/(-605). Does 27 divide (-246)/(-4) - l/r?
False
Let u be (77/231)/((-2)/(-114)). Suppose -u*l + 46*l - 4077 = 0. Is 17 a factor of l?
False
Suppose 0*r = r, -t - 8*r + 11*r = -672. Does 28 divide t?
True
Suppose -5*o - 4*f = -40, -3*f = 3*o + 2*o - 35. Suppose w + 2*k = -2*k + 601, 2446 = o*w - 5*k. Is w a multiple of 7?
True
Let c(v) be the first derivative of 11 + 2*v**2 - 4 - 10 - 14*v. Does 9 divide c(8)?
True
Suppose -22*k + 17*k + 5160 = 3*x, -4*k - 4*x + 4120 = 0. Is 69 a factor of k?
True
Suppose -4*m = 16, -12*i + m + 199 = -11*i. Does 39 divide i?
True
Suppose 0 = -7*g + 5578 - 1714. Let k be (-1)/(-2)*8646/(-11). Let x = k + g. Does 41 divide x?
False
Let b(p) = 26*p**2 - 9*p - 3. Let c(y) = -y**2 + y. Let q(m) = b(m) + 6*c(m). Let t be q(-1). Suppose -13*v - t = -14*v. Does 4 divide v?
True
Suppose -28*j + 23*j - 20 = -f, -8 = 2*f + 2*j. Suppose f = -z + 2*z + u - 571, z - 581 = -3*u. Is z a multiple of 42?
False
Suppose 201655 = 70*o - 25*o - 47780. Does 2 divide o?
False
Let h(f) be the third derivative of f**6/720 + 11*f**5/60 + 17*f**4/24 + 8*f**2. Let b(d) be the second derivative of h(d). Is b(-6) a multiple of 8?
True
Let d(y) be the first derivative of 2*y**3/3 - 2*y**2 - 14*y + 6. Does 23 divide d(-9)?
True
Let h = 248 + -117. Suppose -4*o - 51 = -i, -3*i + 364 = 4*o + h. Is 9 a factor of i?
False
Suppose -37*p + 98077 = p + 22837. Does 12 divide p?
True
Let v be 2*((-4)/(-26) + 175/130). Suppose 3*o - 15 = -4*f + 12, 0 = f - v. Suppose 363 = o*l - 22. Is l a multiple of 11?
True
Let d = -2413 + 2565. Is d a multiple of 10?
False
Let k(c) = -5*c - 28. Let h(y) be the third derivative of y**5/60 - y**4/2 + 4*y**3/3 - 12*y**2. Let t be h(10). Is k(t) a multiple of 32?
True
Suppose 5*z - 6131 = -4*l, z + 3*l - 121 = 1103. Let g = z + -478. Is g a multiple of 17?
False
Let v be -1 - 1 - (-1182)/(-2)*-1. Suppose -2*s = -3*p - s + 911, -v = -2*p - 3*s. Is p a m